CRAN Package Check Results for Package meetupapi

Last updated on 2022-05-25 07:50:24 CEST.

Flavor Version Tinstall Tcheck Ttotal Status Flags
r-devel-linux-x86_64-debian-clang 0.1.0 4.60 54.99 59.59 NOTE
r-devel-linux-x86_64-debian-gcc 0.1.0 3.50 41.79 45.29 NOTE
r-devel-linux-x86_64-fedora-clang 0.1.0 73.09 NOTE
r-devel-linux-x86_64-fedora-gcc 0.1.0 58.76 NOTE
r-devel-windows-x86_64 0.1.0 15.00 68.00 83.00 NOTE
r-patched-linux-x86_64 0.1.0 4.59 51.45 56.04 NOTE
r-release-linux-x86_64 0.1.0 NOTE
r-release-macos-arm64 0.1.0 19.00 NOTE
r-release-macos-x86_64 0.1.0 38.00 NOTE
r-release-windows-x86_64 0.1.0 14.00 68.00 82.00 NOTE
r-oldrel-macos-arm64 0.1.0 23.00 NOTE
r-oldrel-macos-x86_64 0.1.0 36.00 NOTE
r-oldrel-windows-ix86+x86_64 0.1.0 13.00 61.00 74.00 NOTE

Check Details

Version: 0.1.0
Check: LazyData
Result: NOTE
     'LazyData' is specified without a 'data' directory
Flavors: r-devel-linux-x86_64-debian-clang, r-devel-linux-x86_64-debian-gcc, r-devel-linux-x86_64-fedora-clang, r-devel-linux-x86_64-fedora-gcc, r-devel-windows-x86_64, r-patched-linux-x86_64, r-release-linux-x86_64, r-release-macos-arm64, r-release-macos-x86_64, r-release-windows-x86_64, r-oldrel-macos-arm64, r-oldrel-macos-x86_64, r-oldrel-windows-ix86+x86_64