CRAN Package Check Results for Package meerva

Last updated on 2022-05-18 06:50:46 CEST.

Flavor Version Tinstall Tcheck Ttotal Status Flags
r-devel-linux-x86_64-debian-clang 0.2-2 6.09 59.09 65.18 OK
r-devel-linux-x86_64-debian-gcc 0.2-2 4.50 44.19 48.69 OK
r-devel-linux-x86_64-fedora-clang 0.2-2 77.46 NOTE
r-devel-linux-x86_64-fedora-gcc 0.2-2 74.11 NOTE
r-devel-windows-x86_64 0.2-2 16.00 73.00 89.00 OK
r-patched-linux-x86_64 0.2-2 4.28 55.52 59.80 OK
r-release-linux-x86_64 0.2-2 5.58 55.63 61.21 OK
r-release-macos-arm64 0.2-2 25.00 NOTE
r-release-macos-x86_64 0.2-2 41.00 NOTE
r-release-windows-x86_64 0.2-2 16.00 72.00 88.00 OK
r-oldrel-macos-arm64 0.2-2 23.00 NOTE
r-oldrel-macos-x86_64 0.2-2 35.00 NOTE
r-oldrel-windows-ix86+x86_64 0.2-2 10.00 69.00 79.00 OK

Check Details

Version: 0.2-2
Check: dependencies in R code
Result: NOTE
    Namespace in Imports field not imported from: ‘dplyr’
     All declared Imports should be used.
Flavors: r-devel-linux-x86_64-fedora-clang, r-devel-linux-x86_64-fedora-gcc, r-release-macos-arm64, r-release-macos-x86_64, r-oldrel-macos-arm64, r-oldrel-macos-x86_64