CRAN Package Check Results for Package mecor

Last updated on 2022-01-28 06:53:26 CET.

Flavor Version Tinstall Tcheck Ttotal Status Flags
r-devel-linux-x86_64-debian-clang 1.0.0 13.85 124.61 138.46 OK
r-devel-linux-x86_64-debian-gcc 1.0.0 11.54 95.84 107.38 OK
r-devel-linux-x86_64-fedora-clang 1.0.0 159.84 OK
r-devel-linux-x86_64-fedora-gcc 1.0.0 148.76 OK
r-devel-windows-x86_64-new-UL 1.0.0 43.00 148.00 191.00 OK
r-devel-windows-x86_64-new-TK 1.0.0 ERROR
r-patched-linux-x86_64 1.0.0 11.31 118.74 130.05 OK
r-release-linux-x86_64 1.0.0 12.41 117.59 130.00 OK
r-release-macos-arm64 1.0.0 OK
r-release-macos-x86_64 1.0.0 OK
r-release-windows-ix86+x86_64 1.0.0 28.00 136.00 164.00 OK
r-oldrel-macos-x86_64 1.0.0 OK
r-oldrel-windows-ix86+x86_64 1.0.0 30.00 139.00 169.00 OK

Check Details

Version: 1.0.0
Check: package dependencies
Result: ERROR
    Packages required but not available: 'lme4', 'lmerTest'
    
    See section 'The DESCRIPTION file' in the 'Writing R Extensions'
    manual.
Flavor: r-devel-windows-x86_64-new-TK