CRAN Package Check Results for Package mdthemes

Last updated on 2022-05-24 07:52:25 CEST.

Flavor Version Tinstall Tcheck Ttotal Status Flags
r-devel-linux-x86_64-debian-clang 0.1.0 2.55 38.17 40.72 NOTE
r-devel-linux-x86_64-debian-gcc 0.1.0 1.81 29.49 31.30 NOTE
r-devel-linux-x86_64-fedora-clang 0.1.0 49.28 NOTE
r-devel-linux-x86_64-fedora-gcc 0.1.0 37.21 NOTE
r-devel-windows-x86_64 0.1.0 21.00 58.00 79.00 NOTE
r-patched-linux-x86_64 0.1.0 2.29 36.99 39.28 NOTE
r-release-linux-x86_64 0.1.0 NOTE
r-release-macos-arm64 0.1.0 17.00 NOTE
r-release-macos-x86_64 0.1.0 29.00 NOTE
r-release-windows-x86_64 0.1.0 24.00 57.00 81.00 NOTE
r-oldrel-macos-arm64 0.1.0 19.00 NOTE
r-oldrel-macos-x86_64 0.1.0 32.00 NOTE
r-oldrel-windows-ix86+x86_64 0.1.0 7.00 49.00 56.00 NOTE

Check Details

Version: 0.1.0
Check: LazyData
Result: NOTE
     'LazyData' is specified without a 'data' directory
Flavors: r-devel-linux-x86_64-debian-clang, r-devel-linux-x86_64-debian-gcc, r-devel-linux-x86_64-fedora-clang, r-devel-linux-x86_64-fedora-gcc, r-devel-windows-x86_64, r-patched-linux-x86_64, r-release-linux-x86_64, r-release-macos-arm64, r-release-macos-x86_64, r-release-windows-x86_64, r-oldrel-macos-arm64, r-oldrel-macos-x86_64, r-oldrel-windows-ix86+x86_64