CRAN Package Check Results for Package mda

Last updated on 2022-07-06 07:49:02 CEST.

Flavor Version Tinstall Tcheck Ttotal Status Flags
r-devel-linux-x86_64-debian-clang 0.5-3 8.53 39.33 47.86 NOTE
r-devel-linux-x86_64-debian-gcc 0.5-3 7.34 29.99 37.33 NOTE
r-devel-linux-x86_64-fedora-clang 0.5-3 68.40 NOTE
r-devel-linux-x86_64-fedora-gcc 0.5-3 66.77 NOTE
r-devel-windows-x86_64 0.5-3 30.00 73.00 103.00 NOTE
r-patched-linux-x86_64 0.5-3 8.91 37.37 46.28 OK
r-release-linux-x86_64 0.5-3 8.45 37.15 45.60 OK
r-release-macos-arm64 0.5-3 37.00 OK
r-release-macos-x86_64 0.5-3 34.00 OK
r-release-windows-x86_64 0.5-3 36.00 77.00 113.00 OK
r-oldrel-macos-arm64 0.5-3 34.00 OK
r-oldrel-macos-x86_64 0.5-3 34.00 OK
r-oldrel-windows-ix86+x86_64 0.5-3 26.00 71.00 97.00 OK

Check Details

Version: 0.5-3
Check: Rd files
Result: NOTE
    checkRd: (-1) glass.Rd:23: Escaped LaTeX specials: \_ \_ \_
    checkRd: (-1) glass.Rd:24: Escaped LaTeX specials: \_ \_ \_ \_
    checkRd: (-1) glass.Rd:25: Escaped LaTeX specials: \_ \_ \_
    checkRd: (-1) glass.Rd:26: Escaped LaTeX specials: \_ \_ \_ \_
Flavors: r-devel-linux-x86_64-debian-clang, r-devel-linux-x86_64-debian-gcc, r-devel-linux-x86_64-fedora-clang, r-devel-linux-x86_64-fedora-gcc, r-devel-windows-x86_64