CRAN Package Check Results for Package mcmcplots

Last updated on 2022-07-03 07:51:57 CEST.

Flavor Version Tinstall Tcheck Ttotal Status Flags
r-devel-linux-x86_64-debian-clang 0.4.3 4.26 45.43 49.69 NOTE
r-devel-linux-x86_64-debian-gcc 0.4.3 3.18 34.87 38.05 NOTE
r-devel-linux-x86_64-fedora-clang 0.4.3 69.32 NOTE
r-devel-linux-x86_64-fedora-gcc 0.4.3 69.36 NOTE
r-devel-windows-x86_64 0.4.3 30.00 75.00 105.00 NOTE
r-patched-linux-x86_64 0.4.3 7.09 42.75 49.84 NOTE
r-release-linux-x86_64 0.4.3 4.26 43.43 47.69 NOTE
r-release-macos-arm64 0.4.3 20.00 NOTE
r-release-macos-x86_64 0.4.3 31.00 NOTE
r-release-windows-x86_64 0.4.3 39.00 77.00 116.00 NOTE
r-oldrel-macos-arm64 0.4.3 23.00 NOTE
r-oldrel-macos-x86_64 0.4.3 41.00 NOTE
r-oldrel-windows-ix86+x86_64 0.4.3 10.00 67.00 77.00 NOTE

Check Details

Version: 0.4.3
Check: LazyData
Result: NOTE
     'LazyData' is specified without a 'data' directory
Flavors: r-devel-linux-x86_64-debian-clang, r-devel-linux-x86_64-debian-gcc, r-devel-linux-x86_64-fedora-clang, r-devel-linux-x86_64-fedora-gcc, r-devel-windows-x86_64, r-patched-linux-x86_64, r-release-linux-x86_64, r-release-macos-arm64, r-release-macos-x86_64, r-release-windows-x86_64, r-oldrel-macos-arm64, r-oldrel-macos-x86_64, r-oldrel-windows-ix86+x86_64