Last updated on 2022-07-01 07:51:47 CEST.
Flavor | Version | Tinstall | Tcheck | Ttotal | Status | Flags |
---|---|---|---|---|---|---|
r-devel-linux-x86_64-debian-clang | 5.4.10 | 39.01 | 244.55 | 283.56 | OK | |
r-devel-linux-x86_64-debian-gcc | 5.4.10 | 34.82 | 174.46 | 209.28 | OK | |
r-devel-linux-x86_64-fedora-clang | 5.4.10 | 351.17 | NOTE | |||
r-devel-linux-x86_64-fedora-gcc | 5.4.10 | 351.12 | OK | |||
r-devel-windows-x86_64 | 5.4.10 | 127.00 | 304.00 | 431.00 | NOTE | |
r-patched-linux-x86_64 | 5.4.10 | 44.33 | 230.76 | 275.09 | OK | |
r-release-linux-x86_64 | 5.4.10 | 37.66 | 234.04 | 271.70 | OK | |
r-release-macos-arm64 | 5.4.10 | 128.00 | NOTE | |||
r-release-macos-x86_64 | 5.4.10 | 155.00 | NOTE | |||
r-release-windows-x86_64 | 5.4.10 | 103.00 | 295.00 | 398.00 | NOTE | |
r-oldrel-macos-arm64 | 5.4.10 | 123.00 | NOTE | |||
r-oldrel-macos-x86_64 | 5.4.10 | 157.00 | NOTE | |||
r-oldrel-windows-ix86+x86_64 | 5.4.10 | 81.00 | 426.00 | 507.00 | NOTE |
Version: 5.4.10
Check: installed package size
Result: NOTE
installed size is 5.6Mb
sub-directories of 1Mb or more:
doc 2.9Mb
Flavors: r-devel-linux-x86_64-fedora-clang, r-devel-windows-x86_64, r-release-macos-arm64, r-release-macos-x86_64, r-release-windows-x86_64, r-oldrel-macos-arm64, r-oldrel-macos-x86_64, r-oldrel-windows-ix86+x86_64