CRAN Package Check Results for Package mbir

Last updated on 2022-01-27 06:48:39 CET.

Flavor Version Tinstall Tcheck Ttotal Status Flags
r-devel-linux-x86_64-debian-clang 1.3.5 6.52 49.84 56.36 NOTE
r-devel-linux-x86_64-debian-gcc 1.3.5 4.42 37.67 42.09 NOTE
r-devel-linux-x86_64-fedora-clang 1.3.5 67.85 NOTE
r-devel-linux-x86_64-fedora-gcc 1.3.5 55.47 NOTE
r-devel-windows-x86_64-new-UL 1.3.5 23.00 71.00 94.00 NOTE
r-devel-windows-x86_64-new-TK 1.3.5 NOTE
r-patched-linux-x86_64 1.3.5 6.19 47.06 53.25 NOTE
r-release-linux-x86_64 1.3.5 6.07 47.18 53.25 NOTE
r-release-macos-arm64 1.3.5 NOTE
r-release-macos-x86_64 1.3.5 NOTE
r-release-windows-ix86+x86_64 1.3.5 10.00 55.00 65.00 NOTE
r-oldrel-macos-x86_64 1.3.5 NOTE
r-oldrel-windows-ix86+x86_64 1.3.5 10.00 57.00 67.00 OK

Check Details

Version: 1.3.5
Check: LazyData
Result: NOTE
     'LazyData' is specified without a 'data' directory
Flavors: r-devel-linux-x86_64-debian-clang, r-devel-linux-x86_64-debian-gcc, r-devel-linux-x86_64-fedora-clang, r-devel-linux-x86_64-fedora-gcc, r-devel-windows-x86_64-new-UL, r-devel-windows-x86_64-new-TK, r-patched-linux-x86_64, r-release-linux-x86_64, r-release-macos-arm64, r-release-macos-x86_64, r-release-windows-ix86+x86_64

Version: 1.3.5
Check: dependencies in R code
Result: NOTE
    Namespaces in Imports field not imported from:
     ‘effsize’ ‘psych’
     All declared Imports should be used.
Flavors: r-devel-linux-x86_64-fedora-clang, r-devel-linux-x86_64-fedora-gcc, r-devel-windows-x86_64-new-TK, r-release-macos-arm64, r-release-macos-x86_64, r-oldrel-macos-x86_64