CRAN Package Check Results for Package mbend

Last updated on 2022-05-21 07:55:28 CEST.

Flavor Version Tinstall Tcheck Ttotal Status Flags
r-devel-linux-x86_64-debian-clang 1.3.1 1.88 35.37 37.25 NOTE
r-devel-linux-x86_64-debian-gcc 1.3.1 1.50 27.38 28.88 NOTE
r-devel-linux-x86_64-fedora-clang 1.3.1 46.87 NOTE
r-devel-linux-x86_64-fedora-gcc 1.3.1 43.81 NOTE
r-devel-windows-x86_64 1.3.1 13.00 54.00 67.00 NOTE
r-patched-linux-x86_64 1.3.1 1.62 34.80 36.42 NOTE
r-release-linux-x86_64 1.3.1 1.54 34.10 35.64 NOTE
r-release-macos-arm64 1.3.1 19.00 NOTE
r-release-macos-x86_64 1.3.1 23.00 NOTE
r-release-windows-x86_64 1.3.1 15.00 54.00 69.00 NOTE
r-oldrel-macos-arm64 1.3.1 18.00 NOTE
r-oldrel-macos-x86_64 1.3.1 28.00 NOTE
r-oldrel-windows-ix86+x86_64 1.3.1 6.00 43.00 49.00 NOTE

Check Details

Version: 1.3.1
Check: LazyData
Result: NOTE
     'LazyData' is specified without a 'data' directory
Flavors: r-devel-linux-x86_64-debian-clang, r-devel-linux-x86_64-debian-gcc, r-devel-linux-x86_64-fedora-clang, r-devel-linux-x86_64-fedora-gcc, r-devel-windows-x86_64, r-patched-linux-x86_64, r-release-linux-x86_64, r-release-macos-arm64, r-release-macos-x86_64, r-release-windows-x86_64, r-oldrel-macos-arm64, r-oldrel-macos-x86_64, r-oldrel-windows-ix86+x86_64