CRAN Package Check Results for Package mauricer

Last updated on 2022-01-20 06:49:24 CET.

Flavor Version Tinstall Tcheck Ttotal Status Flags
r-devel-linux-x86_64-debian-clang 2.5.1 OK
r-devel-linux-x86_64-debian-gcc 2.5.1 2.09 27.28 29.37 OK
r-devel-linux-x86_64-fedora-clang 2.5.1 46.75 NOTE
r-devel-linux-x86_64-fedora-gcc 2.5.1 35.12 OK
r-devel-windows-x86_64-new-UL 2.5.1 34.00 55.00 89.00 OK
r-devel-windows-x86_64-new-TK 2.5.1 OK
r-patched-linux-x86_64 2.5.1 2.21 33.26 35.47 OK
r-release-linux-x86_64 2.5.1 OK
r-release-macos-arm64 2.5.1 OK
r-release-macos-x86_64 2.5.1 OK
r-release-windows-ix86+x86_64 2.5.1 8.00 43.00 51.00 OK
r-oldrel-macos-x86_64 2.5.1 OK
r-oldrel-windows-ix86+x86_64 2.5.1 8.00 43.00 51.00 OK

Check Details

Version: 2.5.1
Check: Rd cross-references
Result: NOTE
    Undeclared package ‘tracerer’ in Rd xrefs
Flavor: r-devel-linux-x86_64-fedora-clang