CRAN Package Check Results for Package matrixsampling

Last updated on 2022-05-24 07:52:25 CEST.

Flavor Version Tinstall Tcheck Ttotal Status Flags
r-devel-linux-x86_64-debian-clang 2.0.0 3.19 52.96 56.15 NOTE
r-devel-linux-x86_64-debian-gcc 2.0.0 3.07 37.67 40.74 NOTE
r-devel-linux-x86_64-fedora-clang 2.0.0 64.71 NOTE
r-devel-linux-x86_64-fedora-gcc 2.0.0 54.10 NOTE
r-devel-windows-x86_64 2.0.0 32.00 67.00 99.00 NOTE
r-patched-linux-x86_64 2.0.0 3.56 48.83 52.39 NOTE
r-release-linux-x86_64 2.0.0 NOTE
r-release-macos-arm64 2.0.0 18.00 NOTE
r-release-macos-x86_64 2.0.0 27.00 NOTE
r-release-windows-x86_64 2.0.0 8.00 68.00 76.00 NOTE
r-oldrel-macos-arm64 2.0.0 26.00 NOTE
r-oldrel-macos-x86_64 2.0.0 36.00 NOTE
r-oldrel-windows-ix86+x86_64 2.0.0 7.00 43.00 50.00 NOTE

Check Details

Version: 2.0.0
Check: LazyData
Result: NOTE
     'LazyData' is specified without a 'data' directory
Flavors: r-devel-linux-x86_64-debian-clang, r-devel-linux-x86_64-debian-gcc, r-devel-linux-x86_64-fedora-clang, r-devel-linux-x86_64-fedora-gcc, r-devel-windows-x86_64, r-patched-linux-x86_64, r-release-linux-x86_64, r-release-macos-arm64, r-release-macos-x86_64, r-release-windows-x86_64, r-oldrel-macos-arm64, r-oldrel-macos-x86_64, r-oldrel-windows-ix86+x86_64