CRAN Package Check Results for Package matrixProfile

Last updated on 2022-07-03 07:51:57 CEST.

Flavor Version Tinstall Tcheck Ttotal Status Flags
r-devel-linux-x86_64-debian-clang 0.5.0 3.05 30.31 33.36 NOTE
r-devel-linux-x86_64-debian-gcc 0.5.0 2.25 23.61 25.86 NOTE
r-devel-linux-x86_64-fedora-clang 0.5.0 50.36 NOTE
r-devel-linux-x86_64-fedora-gcc 0.5.0 49.29 NOTE
r-devel-windows-x86_64 0.5.0 12.00 54.00 66.00 NOTE
r-patched-linux-x86_64 0.5.0 2.97 29.28 32.25 NOTE
r-release-linux-x86_64 0.5.0 2.48 29.22 31.70 NOTE
r-release-macos-arm64 0.5.0 19.00 NOTE
r-release-macos-x86_64 0.5.0 24.00 NOTE
r-release-windows-x86_64 0.5.0 14.00 53.00 67.00 NOTE
r-oldrel-macos-arm64 0.5.0 24.00 NOTE
r-oldrel-macos-x86_64 0.5.0 32.00 NOTE
r-oldrel-windows-ix86+x86_64 0.5.0 7.00 47.00 54.00 NOTE

Check Details

Version: 0.5.0
Check: LazyData
Result: NOTE
     'LazyData' is specified without a 'data' directory
Flavors: r-devel-linux-x86_64-debian-clang, r-devel-linux-x86_64-debian-gcc, r-devel-linux-x86_64-fedora-clang, r-devel-linux-x86_64-fedora-gcc, r-devel-windows-x86_64, r-patched-linux-x86_64, r-release-linux-x86_64, r-release-macos-arm64, r-release-macos-x86_64, r-release-windows-x86_64, r-oldrel-macos-arm64, r-oldrel-macos-x86_64, r-oldrel-windows-ix86+x86_64