CRAN Package Check Results for Package matricks

Last updated on 2022-01-20 06:49:24 CET.

Flavor Version Tinstall Tcheck Ttotal Status Flags
r-devel-linux-x86_64-debian-clang 0.8.2 NOTE
r-devel-linux-x86_64-debian-gcc 0.8.2 14.01 50.04 64.05 NOTE
r-devel-linux-x86_64-fedora-clang 0.8.2 113.92 NOTE
r-devel-linux-x86_64-fedora-gcc 0.8.2 94.48 NOTE
r-devel-windows-x86_64-new-UL 0.8.2 63.00 119.00 182.00 NOTE
r-devel-windows-x86_64-new-TK 0.8.2 NOTE
r-patched-linux-x86_64 0.8.2 18.14 61.30 79.44 NOTE
r-release-linux-x86_64 0.8.2 NOTE
r-release-macos-arm64 0.8.2 NOTE
r-release-macos-x86_64 0.8.2 NOTE
r-release-windows-ix86+x86_64 0.8.2 52.00 112.00 164.00 NOTE
r-oldrel-macos-x86_64 0.8.2 OK
r-oldrel-windows-ix86+x86_64 0.8.2 52.00 116.00 168.00 OK

Check Details

Version: 0.8.2
Check: LazyData
Result: NOTE
     'LazyData' is specified without a 'data' directory
Flavors: r-devel-linux-x86_64-debian-clang, r-devel-linux-x86_64-debian-gcc, r-devel-linux-x86_64-fedora-clang, r-devel-linux-x86_64-fedora-gcc, r-devel-windows-x86_64-new-UL, r-devel-windows-x86_64-new-TK, r-patched-linux-x86_64, r-release-linux-x86_64, r-release-macos-arm64, r-release-macos-x86_64, r-release-windows-ix86+x86_64