CRAN Package Check Results for Package marketr

Last updated on 2022-01-22 06:48:57 CET.

Flavor Version Tinstall Tcheck Ttotal Status Flags
r-devel-linux-x86_64-debian-clang 0.0.2 3.47 56.81 60.28 NOTE
r-devel-linux-x86_64-debian-gcc 0.0.2 2.96 43.03 45.99 NOTE
r-devel-linux-x86_64-fedora-clang 0.0.2 73.66 NOTE
r-devel-linux-x86_64-fedora-gcc 0.0.2 61.05 NOTE
r-devel-windows-x86_64-new-UL 0.0.2 17.00 75.00 92.00 NOTE
r-devel-windows-x86_64-new-TK 0.0.2 NOTE
r-patched-linux-x86_64 0.0.2 3.87 52.05 55.92 NOTE
r-release-linux-x86_64 0.0.2 3.95 52.36 56.31 NOTE
r-release-macos-arm64 0.0.2 NOTE
r-release-macos-x86_64 0.0.2 NOTE
r-release-windows-ix86+x86_64 0.0.2 11.00 64.00 75.00 NOTE
r-oldrel-macos-x86_64 0.0.2 OK
r-oldrel-windows-ix86+x86_64 0.0.2 11.00 66.00 77.00 OK

Check Details

Version: 0.0.2
Check: LazyData
Result: NOTE
     'LazyData' is specified without a 'data' directory
Flavors: r-devel-linux-x86_64-debian-clang, r-devel-linux-x86_64-debian-gcc, r-devel-linux-x86_64-fedora-clang, r-devel-linux-x86_64-fedora-gcc, r-devel-windows-x86_64-new-UL, r-devel-windows-x86_64-new-TK, r-patched-linux-x86_64, r-release-linux-x86_64, r-release-macos-arm64, r-release-macos-x86_64, r-release-windows-ix86+x86_64