Last updated on 2022-08-19 06:52:27 CEST.
Flavor | Version | Tinstall | Tcheck | Ttotal | Status | Flags |
---|---|---|---|---|---|---|
r-devel-linux-x86_64-debian-clang | 2.1.10 | 9.25 | 76.64 | 85.89 | NOTE | |
r-devel-linux-x86_64-debian-gcc | 2.1.10 | 6.97 | 58.47 | 65.44 | NOTE | |
r-devel-linux-x86_64-fedora-clang | 2.1.10 | 113.11 | NOTE | |||
r-devel-linux-x86_64-fedora-gcc | 2.1.10 | 116.19 | NOTE | |||
r-devel-windows-x86_64 | 2.1.10 | 38.00 | 142.00 | 180.00 | NOTE | |
r-patched-linux-x86_64 | 2.1.10 | 9.94 | 72.95 | 82.89 | OK | |
r-release-linux-x86_64 | 2.1.10 | OK | ||||
r-release-macos-arm64 | 2.1.10 | 42.00 | OK | |||
r-release-macos-x86_64 | 2.1.10 | 55.00 | OK | |||
r-release-windows-x86_64 | 2.1.10 | 32.00 | 151.00 | 183.00 | OK | |
r-oldrel-macos-arm64 | 2.1.10 | 63.00 | OK | |||
r-oldrel-macos-x86_64 | 2.1.10 | 84.00 | OK | |||
r-oldrel-windows-ix86+x86_64 | 2.1.10 | 17.00 | 136.00 | 153.00 | OK |
Version: 2.1.10
Check: Rd files
Result: NOTE
checkRd: (-1) sw_sfac.Rd:24: Escaped LaTeX specials: \_
Flavors: r-devel-linux-x86_64-debian-clang, r-devel-linux-x86_64-debian-gcc, r-devel-linux-x86_64-fedora-clang, r-devel-linux-x86_64-fedora-gcc, r-devel-windows-x86_64