CRAN Package Check Results for Package mapsapi

Last updated on 2022-05-19 07:50:13 CEST.

Flavor Version Tinstall Tcheck Ttotal Status Flags
r-devel-linux-x86_64-debian-clang 0.5.3 3.75 71.55 75.30 OK
r-devel-linux-x86_64-debian-gcc 0.5.3 3.37 53.27 56.64 OK
r-devel-linux-x86_64-fedora-clang 0.5.3 87.67 NOTE
r-devel-linux-x86_64-fedora-gcc 0.5.3 86.70 NOTE
r-devel-windows-x86_64 0.5.3 24.00 102.00 126.00 OK
r-patched-linux-x86_64 0.5.3 4.88 67.95 72.83 OK
r-release-linux-x86_64 0.5.3 3.78 67.81 71.59 OK
r-release-macos-arm64 0.5.3 28.00 NOTE
r-release-macos-x86_64 0.5.3 52.00 NOTE
r-release-windows-x86_64 0.5.3 20.00 103.00 123.00 OK
r-oldrel-macos-arm64 0.5.3 33.00 NOTE
r-oldrel-macos-x86_64 0.5.3 54.00 NOTE
r-oldrel-windows-ix86+x86_64 0.5.3 10.00 95.00 105.00 OK

Check Details

Version: 0.5.3
Check: data for non-ASCII characters
Result: NOTE
     Note: found 55 marked UTF-8 strings
Flavors: r-devel-linux-x86_64-fedora-clang, r-devel-linux-x86_64-fedora-gcc, r-release-macos-arm64, r-release-macos-x86_64, r-oldrel-macos-arm64, r-oldrel-macos-x86_64