CRAN Package Check Results for Package mapproj

Last updated on 2022-07-06 07:49:02 CEST.

Flavor Version Tinstall Tcheck Ttotal Status Flags
r-devel-linux-x86_64-debian-clang 1.2.8 9.46 22.90 32.36 NOTE
r-devel-linux-x86_64-debian-gcc 1.2.8 7.20 18.27 25.47 NOTE
r-devel-linux-x86_64-fedora-clang 1.2.8 50.09 NOTE
r-devel-linux-x86_64-fedora-gcc 1.2.8 49.01 NOTE
r-devel-windows-x86_64 1.2.8 42.00 50.00 92.00 NOTE
r-patched-linux-x86_64 1.2.8 7.44 22.79 30.23 OK
r-release-linux-x86_64 1.2.8 8.00 22.44 30.44 OK
r-release-macos-arm64 1.2.8 19.00 OK
r-release-macos-x86_64 1.2.8 27.00 OK
r-release-windows-x86_64 1.2.8 39.00 51.00 90.00 OK
r-oldrel-macos-arm64 1.2.8 27.00 OK
r-oldrel-macos-x86_64 1.2.8 39.00 OK
r-oldrel-windows-ix86+x86_64 1.2.8 44.00 51.00 95.00 OK

Check Details

Version: 1.2.8
Check: Rd files
Result: NOTE
    checkRd: (-1) mapproject.Rd:203: Escaped LaTeX specials: \_
    checkRd: (-1) mapproject.Rd:204: Escaped LaTeX specials: \_
    checkRd: (-1) mapproject.Rd:210: Escaped LaTeX specials: \&
Flavors: r-devel-linux-x86_64-debian-clang, r-devel-linux-x86_64-debian-gcc, r-devel-linux-x86_64-fedora-clang, r-devel-linux-x86_64-fedora-gcc, r-devel-windows-x86_64