CRAN Package Check Results for Package mapdeck

Last updated on 2022-01-22 06:48:57 CET.

Flavor Version Tinstall Tcheck Ttotal Status Flags
r-devel-linux-x86_64-debian-clang 0.3.4 312.38 64.53 376.91 OK
r-devel-linux-x86_64-debian-gcc 0.3.4 263.40 49.74 313.14 OK
r-devel-linux-x86_64-fedora-clang 0.3.4 538.60 NOTE
r-devel-linux-x86_64-fedora-gcc 0.3.4 360.58 OK
r-devel-windows-x86_64-new-UL 0.3.4 285.00 136.00 421.00 NOTE
r-devel-windows-x86_64-new-TK 0.3.4 OK
r-patched-linux-x86_64 0.3.4 289.82 61.78 351.60 OK
r-release-linux-x86_64 0.3.4 294.42 62.11 356.53 OK
r-release-macos-arm64 0.3.4 NOTE
r-release-macos-x86_64 0.3.4 NOTE
r-release-windows-ix86+x86_64 0.3.4 644.00 129.00 773.00 NOTE
r-oldrel-macos-x86_64 0.3.4 NOTE
r-oldrel-windows-ix86+x86_64 0.3.4 642.00 118.00 760.00 NOTE

Check Details

Version: 0.3.4
Check: installed package size
Result: NOTE
     installed size is 35.2Mb
     sub-directories of 1Mb or more:
     data 1.3Mb
     doc 1.6Mb
     htmlwidgets 2.3Mb
     libs 29.6Mb
Flavors: r-devel-linux-x86_64-fedora-clang, r-devel-windows-x86_64-new-UL, r-release-macos-arm64, r-release-macos-x86_64, r-release-windows-ix86+x86_64, r-oldrel-macos-x86_64, r-oldrel-windows-ix86+x86_64