CRAN Package Check Results for Package mapdata

Last updated on 2022-05-25 07:50:24 CEST.

Flavor Version Tinstall Tcheck Ttotal Status Flags
r-devel-linux-x86_64-debian-clang 2.3.0 14.89 33.53 48.42 OK
r-devel-linux-x86_64-debian-gcc 2.3.0 12.43 26.14 38.57 OK
r-devel-linux-x86_64-fedora-clang 2.3.0 59.47 NOTE
r-devel-linux-x86_64-fedora-gcc 2.3.0 48.28 OK
r-devel-windows-x86_64 2.3.0 64.00 51.00 115.00 NOTE
r-patched-linux-x86_64 2.3.0 16.67 32.61 49.28 OK
r-release-linux-x86_64 2.3.0 OK
r-release-macos-arm64 2.3.0 24.00 NOTE
r-release-macos-x86_64 2.3.0 42.00 NOTE
r-release-windows-x86_64 2.3.0 66.00 49.00 115.00 NOTE
r-oldrel-macos-arm64 2.3.0 30.00 NOTE
r-oldrel-macos-x86_64 2.3.0 47.00 NOTE
r-oldrel-windows-ix86+x86_64 2.3.0 74.00 41.00 115.00 NOTE

Check Details

Version: 2.3.0
Check: installed package size
Result: NOTE
     installed size is 33.5Mb
     sub-directories of 1Mb or more:
     mapdata 33.4Mb
Flavors: r-devel-linux-x86_64-fedora-clang, r-devel-windows-x86_64, r-release-macos-arm64, r-release-macos-x86_64, r-release-windows-x86_64, r-oldrel-macos-arm64, r-oldrel-macos-x86_64, r-oldrel-windows-ix86+x86_64