CRAN Package Check Results for Package makepipe

Last updated on 2022-08-19 06:52:27 CEST.

Flavor Version Tinstall Tcheck Ttotal Status Flags
r-devel-linux-x86_64-debian-clang 0.2.0 6.53 38.39 44.92 OK
r-devel-linux-x86_64-debian-gcc 0.2.0 4.28 30.02 34.30 OK
r-devel-linux-x86_64-fedora-clang 0.2.0 65.73 NOTE
r-devel-linux-x86_64-fedora-gcc 0.2.0 61.44 NOTE
r-devel-windows-x86_64 0.2.0 25.00 86.00 111.00 OK
r-patched-linux-x86_64 0.2.0 6.73 34.97 41.70 OK
r-release-linux-x86_64 0.2.0 OK
r-release-macos-arm64 0.2.0 22.00 NOTE
r-release-macos-x86_64 0.2.0 31.00 NOTE
r-release-windows-x86_64 0.2.0 34.00 66.00 100.00 OK
r-oldrel-macos-arm64 0.2.0 23.00 NOTE
r-oldrel-macos-x86_64 0.2.0 28.00 NOTE
r-oldrel-windows-ix86+x86_64 0.2.0 11.00 61.00 72.00 OK

Check Details

Version: 0.2.0
Check: dependencies in R code
Result: NOTE
    Namespaces in Imports field not imported from:
     ‘cli’ ‘nomnoml’
     All declared Imports should be used.
Flavors: r-devel-linux-x86_64-fedora-clang, r-devel-linux-x86_64-fedora-gcc, r-release-macos-arm64, r-release-macos-x86_64, r-oldrel-macos-arm64, r-oldrel-macos-x86_64