CRAN Package Check Results for Package magic

Last updated on 2022-08-15 07:50:19 CEST.

Flavor Version Tinstall Tcheck Ttotal Status Flags
r-devel-linux-x86_64-debian-clang 1.6-0 5.48 62.09 67.57 NOTE
r-devel-linux-x86_64-debian-gcc 1.6-0 3.59 46.43 50.02 NOTE
r-devel-linux-x86_64-fedora-clang 1.6-0 93.69 NOTE
r-devel-linux-x86_64-fedora-gcc 1.6-0 89.91 NOTE
r-devel-windows-x86_64 1.6-0 23.00 108.00 131.00 NOTE
r-patched-linux-x86_64 1.6-0 4.79 57.84 62.63 OK
r-release-linux-x86_64 1.6-0 4.16 57.65 61.81 OK
r-release-macos-arm64 1.6-0 29.00 OK
r-release-macos-x86_64 1.6-0 44.00 OK
r-release-windows-x86_64 1.6-0 16.00 109.00 125.00 OK
r-oldrel-macos-arm64 1.6-0 29.00 OK
r-oldrel-macos-x86_64 1.6-0 42.00 OK
r-oldrel-windows-ix86+x86_64 1.6-0 10.00 84.00 94.00 OK

Check Details

Version: 1.6-0
Check: Rd files
Result: NOTE
    checkRd: (-1) cilleruelo.Rd:36: Escaped LaTeX specials: \#
Flavors: r-devel-linux-x86_64-debian-clang, r-devel-linux-x86_64-debian-gcc, r-devel-linux-x86_64-fedora-clang, r-devel-linux-x86_64-fedora-gcc, r-devel-windows-x86_64