CRAN Package Check Results for Package mMPA

Last updated on 2022-01-23 07:14:06 CET.

Flavor Version Tinstall Tcheck Ttotal Status Flags
r-devel-linux-x86_64-debian-clang 1.2.0 1.98 30.96 32.94 NOTE
r-devel-linux-x86_64-debian-gcc 1.2.0 1.35 26.65 28.00 NOTE
r-devel-linux-x86_64-fedora-clang 1.2.0 42.09 NOTE
r-devel-linux-x86_64-fedora-gcc 1.2.0 30.20 NOTE
r-devel-windows-x86_64-new-UL 1.2.0 22.00 52.00 74.00 NOTE
r-devel-windows-x86_64-new-TK 1.2.0 NOTE
r-patched-linux-x86_64 1.2.0 1.82 29.73 31.55 NOTE
r-release-linux-x86_64 1.2.0 1.57 29.90 31.47 NOTE
r-release-macos-arm64 1.2.0 NOTE
r-release-macos-x86_64 1.2.0 NOTE
r-release-windows-ix86+x86_64 1.2.0 6.00 38.00 44.00 NOTE
r-oldrel-macos-x86_64 1.2.0 OK
r-oldrel-windows-ix86+x86_64 1.2.0 5.00 39.00 44.00 OK

Check Details

Version: 1.2.0
Check: LazyData
Result: NOTE
     'LazyData' is specified without a 'data' directory
Flavors: r-devel-linux-x86_64-debian-clang, r-devel-linux-x86_64-debian-gcc, r-devel-linux-x86_64-fedora-clang, r-devel-linux-x86_64-fedora-gcc, r-devel-windows-x86_64-new-UL, r-devel-windows-x86_64-new-TK, r-patched-linux-x86_64, r-release-linux-x86_64, r-release-macos-arm64, r-release-macos-x86_64, r-release-windows-ix86+x86_64