Last updated on 2022-05-16 06:52:28 CEST.
Flavor | Version | Tinstall | Tcheck | Ttotal | Status | Flags |
---|---|---|---|---|---|---|
r-devel-linux-x86_64-debian-clang | 0.3.1 | 26.91 | 101.15 | 128.06 | NOTE | |
r-devel-linux-x86_64-debian-gcc | 0.3.1 | 20.75 | 77.10 | 97.85 | NOTE | |
r-devel-linux-x86_64-fedora-clang | 0.3.1 | 163.31 | NOTE | |||
r-devel-linux-x86_64-fedora-gcc | 0.3.1 | 154.92 | NOTE | |||
r-devel-windows-x86_64 | 0.3.1 | 37.00 | 148.00 | 185.00 | NOTE | |
r-patched-linux-x86_64 | 0.3.1 | 22.08 | 97.05 | 119.13 | NOTE | |
r-release-linux-x86_64 | 0.3.1 | 25.42 | 96.51 | 121.93 | NOTE | |
r-release-macos-arm64 | 0.3.1 | 50.00 | NOTE | |||
r-release-macos-x86_64 | 0.3.1 | 78.00 | NOTE | |||
r-release-windows-x86_64 | 0.3.1 | 34.00 | 154.00 | 188.00 | NOTE | |
r-oldrel-macos-arm64 | 0.3.1 | 57.00 | NOTE | |||
r-oldrel-macos-x86_64 | 0.3.1 | 65.00 | NOTE | |||
r-oldrel-windows-ix86+x86_64 | 0.3.1 | 58.00 | 234.00 | 292.00 | NOTE |
Version: 0.3.1
Check: LazyData
Result: NOTE
'LazyData' is specified without a 'data' directory
Flavors: r-devel-linux-x86_64-debian-clang, r-devel-linux-x86_64-debian-gcc, r-devel-linux-x86_64-fedora-clang, r-devel-linux-x86_64-fedora-gcc, r-devel-windows-x86_64, r-patched-linux-x86_64, r-release-linux-x86_64, r-release-macos-arm64, r-release-macos-x86_64, r-release-windows-x86_64, r-oldrel-macos-arm64, r-oldrel-macos-x86_64, r-oldrel-windows-ix86+x86_64
Version: 0.3.1
Check: installed package size
Result: NOTE
installed size is 5.3Mb
sub-directories of 1Mb or more:
R 4.0Mb
libs 1.1Mb
Flavors: r-devel-windows-x86_64, r-release-macos-arm64, r-release-macos-x86_64, r-release-windows-x86_64, r-oldrel-macos-arm64, r-oldrel-macos-x86_64, r-oldrel-windows-ix86+x86_64