CRAN Package Check Results for Package lue

Last updated on 2022-08-12 06:49:24 CEST.

Flavor Version Tinstall Tcheck Ttotal Status Flags
r-devel-linux-x86_64-debian-clang 0.2.1 1.60 45.35 46.95 OK
r-devel-linux-x86_64-debian-gcc 0.2.1 1.84 33.73 35.57 OK
r-devel-linux-x86_64-fedora-clang 0.2.1 65.88 NOTE
r-devel-linux-x86_64-fedora-gcc 0.2.1 66.54 NOTE
r-devel-windows-x86_64 0.2.1 8.00 67.00 75.00 OK
r-patched-linux-x86_64 0.2.1 1.90 43.18 45.08 OK
r-release-linux-x86_64 0.2.1 1.76 42.26 44.02 OK
r-release-macos-arm64 0.2.1 21.00 NOTE
r-release-macos-x86_64 0.2.1 28.00 NOTE
r-release-windows-x86_64 0.2.1 9.00 67.00 76.00 OK
r-oldrel-macos-arm64 0.2.1 18.00 NOTE
r-oldrel-macos-x86_64 0.2.1 30.00 NOTE
r-oldrel-windows-ix86+x86_64 0.2.1 5.00 61.00 66.00 OK

Check Details

Version: 0.2.1
Check: dependencies in R code
Result: NOTE
    Namespaces in Imports field not imported from:
     ‘ncdf4’ ‘raster’
     All declared Imports should be used.
Flavors: r-devel-linux-x86_64-fedora-clang, r-devel-linux-x86_64-fedora-gcc, r-release-macos-arm64, r-release-macos-x86_64, r-oldrel-macos-arm64, r-oldrel-macos-x86_64