CRAN Package Check Results for Package lsbs

Last updated on 2022-07-04 07:48:59 CEST.

Flavor Version Tinstall Tcheck Ttotal Status Flags
r-devel-linux-x86_64-debian-clang 0.1 2.53 35.51 38.04 NOTE
r-devel-linux-x86_64-debian-gcc 0.1 1.90 26.71 28.61 NOTE
r-devel-linux-x86_64-fedora-clang 0.1 57.14 NOTE
r-devel-linux-x86_64-fedora-gcc 0.1 55.03 NOTE
r-devel-windows-x86_64 0.1 7.00 65.00 72.00 NOTE
r-patched-linux-x86_64 0.1 2.51 34.32 36.83 NOTE
r-release-linux-x86_64 0.1 2.45 34.32 36.77 NOTE
r-release-macos-arm64 0.1 24.00 NOTE
r-release-macos-x86_64 0.1 27.00 NOTE
r-release-windows-x86_64 0.1 11.00 64.00 75.00 NOTE
r-oldrel-macos-arm64 0.1 25.00 NOTE
r-oldrel-macos-x86_64 0.1 36.00 NOTE
r-oldrel-windows-ix86+x86_64 0.1 6.00 57.00 63.00 NOTE

Check Details

Version: 0.1
Check: LazyData
Result: NOTE
     'LazyData' is specified without a 'data' directory
Flavors: r-devel-linux-x86_64-debian-clang, r-devel-linux-x86_64-debian-gcc, r-devel-linux-x86_64-fedora-clang, r-devel-linux-x86_64-fedora-gcc, r-devel-windows-x86_64, r-patched-linux-x86_64, r-release-linux-x86_64, r-release-macos-arm64, r-release-macos-x86_64, r-release-windows-x86_64, r-oldrel-macos-arm64, r-oldrel-macos-x86_64, r-oldrel-windows-ix86+x86_64

Version: 0.1
Check: dependencies in R code
Result: NOTE
    Namespace in Imports field not imported from: ‘Matrix’
     All declared Imports should be used.
Flavors: r-devel-linux-x86_64-fedora-clang, r-devel-linux-x86_64-fedora-gcc, r-release-macos-arm64, r-release-macos-x86_64, r-oldrel-macos-arm64, r-oldrel-macos-x86_64