CRAN Package Check Results for Package lsa

Last updated on 2022-05-18 06:50:46 CEST.

Flavor Version Tinstall Tcheck Ttotal Status Flags
r-devel-linux-x86_64-debian-clang 0.73.3 3.93 46.67 50.60 OK
r-devel-linux-x86_64-debian-gcc 0.73.3 2.61 37.14 39.75 OK
r-devel-linux-x86_64-fedora-clang 0.73.3 60.75 NOTE
r-devel-linux-x86_64-fedora-gcc 0.73.3 60.40 NOTE
r-devel-windows-x86_64 0.73.3 18.00 72.00 90.00 OK
r-patched-linux-x86_64 0.73.3 4.16 44.40 48.56 OK
r-release-linux-x86_64 0.73.3 3.49 45.64 49.13 OK
r-release-macos-arm64 0.73.3 31.00 NOTE
r-release-macos-x86_64 0.73.3 30.00 NOTE
r-release-windows-x86_64 0.73.3 21.00 70.00 91.00 OK
r-oldrel-macos-arm64 0.73.3 21.00 NOTE
r-oldrel-macos-x86_64 0.73.3 30.00 NOTE
r-oldrel-windows-ix86+x86_64 0.73.3 8.00 60.00 68.00 OK

Check Details

Version: 0.73.3
Check: data for non-ASCII characters
Result: NOTE
     Note: found 143 marked Latin-1 strings
     Note: found 833 marked UTF-8 strings
Flavors: r-devel-linux-x86_64-fedora-clang, r-devel-linux-x86_64-fedora-gcc, r-release-macos-arm64, r-release-macos-x86_64, r-oldrel-macos-arm64, r-oldrel-macos-x86_64