CRAN Package Check Results for Package logitnorm

Last updated on 2022-07-04 07:48:59 CEST.

Flavor Version Tinstall Tcheck Ttotal Status Flags
r-devel-linux-x86_64-debian-clang 0.8.38 2.16 32.17 34.33 NOTE
r-devel-linux-x86_64-debian-gcc 0.8.38 1.93 24.66 26.59 NOTE
r-devel-linux-x86_64-fedora-clang 0.8.38 51.78 NOTE
r-devel-linux-x86_64-fedora-gcc 0.8.38 50.39 NOTE
r-devel-windows-x86_64 0.8.38 25.00 60.00 85.00 NOTE
r-patched-linux-x86_64 0.8.38 2.56 30.61 33.17 NOTE
r-release-linux-x86_64 0.8.38 2.23 31.02 33.25 NOTE
r-release-macos-arm64 0.8.38 20.00 NOTE
r-release-macos-x86_64 0.8.38 29.00 NOTE
r-release-windows-x86_64 0.8.38 26.00 63.00 89.00 NOTE
r-oldrel-macos-arm64 0.8.38 21.00 NOTE
r-oldrel-macos-x86_64 0.8.38 34.00 NOTE
r-oldrel-windows-ix86+x86_64 0.8.38 6.00 51.00 57.00 NOTE

Check Details

Version: 0.8.38
Check: LazyData
Result: NOTE
     'LazyData' is specified without a 'data' directory
Flavors: r-devel-linux-x86_64-debian-clang, r-devel-linux-x86_64-debian-gcc, r-devel-linux-x86_64-fedora-clang, r-devel-linux-x86_64-fedora-gcc, r-devel-windows-x86_64, r-patched-linux-x86_64, r-release-linux-x86_64, r-release-macos-arm64, r-release-macos-x86_64, r-release-windows-x86_64, r-oldrel-macos-arm64, r-oldrel-macos-x86_64, r-oldrel-windows-ix86+x86_64