CRAN Package Check Results for Package log4r

Last updated on 2022-01-23 07:14:04 CET.

Flavor Version Tinstall Tcheck Ttotal Status Flags
r-devel-linux-x86_64-debian-clang 0.4.2 3.68 52.64 56.32 OK
r-devel-linux-x86_64-debian-gcc 0.4.2 2.20 43.60 45.80 OK
r-devel-linux-x86_64-fedora-clang 0.4.2 69.38 OK
r-devel-linux-x86_64-fedora-gcc 0.4.2 56.65 OK
r-devel-windows-x86_64-new-UL 0.4.2 45.00 90.00 135.00 NOTE
r-devel-windows-x86_64-new-TK 0.4.2 NOTE
r-patched-linux-x86_64 0.4.2 2.78 45.22 48.00 OK
r-release-linux-x86_64 0.4.2 2.59 45.37 47.96 OK
r-release-macos-arm64 0.4.2 OK
r-release-macos-x86_64 0.4.2 OK
r-release-windows-ix86+x86_64 0.4.2 9.00 71.00 80.00 NOTE
r-oldrel-macos-x86_64 0.4.2 OK
r-oldrel-windows-ix86+x86_64 0.4.2 9.00 74.00 83.00 NOTE

Additional issues

rchk

Check Details

Version: 0.4.2
Check: package dependencies
Result: NOTE
    Package suggested but not available for checking: 'rsyslog'
Flavors: r-devel-windows-x86_64-new-UL, r-devel-windows-x86_64-new-TK, r-release-windows-ix86+x86_64, r-oldrel-windows-ix86+x86_64

Version: 0.4.2
Check: Rd cross-references
Result: NOTE
    Package unavailable to check Rd xrefs: 'rsyslog'
Flavors: r-devel-windows-x86_64-new-UL, r-devel-windows-x86_64-new-TK, r-release-windows-ix86+x86_64, r-oldrel-windows-ix86+x86_64