CRAN Package Check Results for Package localScore

Last updated on 2022-01-29 06:49:38 CET.

Flavor Version Tinstall Tcheck Ttotal Status Flags
r-devel-linux-x86_64-debian-clang 1.0.6 63.80 170.03 233.83 OK
r-devel-linux-x86_64-debian-gcc 1.0.6 47.10 126.19 173.29 OK
r-devel-linux-x86_64-fedora-clang 1.0.6 295.18 NOTE
r-devel-linux-x86_64-fedora-gcc 1.0.6 282.13 OK
r-devel-windows-x86_64-new-UL 1.0.6 312.00 256.00 568.00 OK
r-devel-windows-x86_64-new-TK 1.0.6 OK
r-patched-linux-x86_64 1.0.6 53.81 149.37 203.18 OK
r-release-linux-x86_64 1.0.6 55.43 146.40 201.83 OK
r-release-macos-arm64 1.0.6 NOTE
r-release-macos-x86_64 1.0.6 NOTE
r-release-windows-ix86+x86_64 1.0.6 132.00 218.00 350.00 OK
r-oldrel-macos-x86_64 1.0.6 NOTE
r-oldrel-windows-ix86+x86_64 1.0.6 131.00 218.00 349.00 OK

Check Details

Version: 1.0.6
Check: installed package size
Result: NOTE
     installed size is 17.5Mb
     sub-directories of 1Mb or more:
     libs 16.9Mb
Flavors: r-devel-linux-x86_64-fedora-clang, r-release-macos-arm64, r-release-macos-x86_64, r-oldrel-macos-x86_64