Last updated on 2022-05-20 06:51:00 CEST.
Flavor | Version | Tinstall | Tcheck | Ttotal | Status | Flags |
---|---|---|---|---|---|---|
r-devel-linux-x86_64-debian-clang | 1.1.1 | 33.81 | 46.58 | 80.39 | NOTE | |
r-devel-linux-x86_64-debian-gcc | 1.1.1 | 30.12 | 35.80 | 65.92 | NOTE | |
r-devel-linux-x86_64-fedora-clang | 1.1.1 | 112.79 | NOTE | |||
r-devel-linux-x86_64-fedora-gcc | 1.1.1 | 100.42 | NOTE | |||
r-devel-windows-x86_64 | 1.1.1 | 40.00 | 79.00 | 119.00 | NOTE | |
r-patched-linux-x86_64 | 1.1.1 | 29.34 | 43.89 | 73.23 | NOTE | |
r-release-linux-x86_64 | 1.1.1 | 30.30 | 44.07 | 74.37 | NOTE | |
r-release-macos-arm64 | 1.1.1 | 27.00 | NOTE | |||
r-release-macos-x86_64 | 1.1.1 | 41.00 | NOTE | |||
r-release-windows-x86_64 | 1.1.1 | 44.00 | 81.00 | 125.00 | NOTE | |
r-oldrel-macos-arm64 | 1.1.1 | 32.00 | NOTE | |||
r-oldrel-macos-x86_64 | 1.1.1 | 51.00 | NOTE | |||
r-oldrel-windows-ix86+x86_64 | 1.1.1 | 89.00 | 82.00 | 171.00 | NOTE |
Version: 1.1.1
Check: LazyData
Result: NOTE
'LazyData' is specified without a 'data' directory
Flavors: r-devel-linux-x86_64-debian-clang, r-devel-linux-x86_64-debian-gcc, r-devel-linux-x86_64-fedora-clang, r-devel-linux-x86_64-fedora-gcc, r-devel-windows-x86_64, r-patched-linux-x86_64, r-release-linux-x86_64, r-release-macos-arm64, r-release-macos-x86_64, r-release-windows-x86_64, r-oldrel-macos-arm64, r-oldrel-macos-x86_64, r-oldrel-windows-ix86+x86_64