Last updated on 2022-07-06 07:49:01 CEST.
Flavor | Version | Tinstall | Tcheck | Ttotal | Status | Flags |
---|---|---|---|---|---|---|
r-devel-linux-x86_64-debian-clang | 1.5.13 | 13.65 | 183.10 | 196.75 | OK | |
r-devel-linux-x86_64-debian-gcc | 1.5.13 | 11.29 | 134.86 | 146.15 | OK | |
r-devel-linux-x86_64-fedora-clang | 1.5.13 | 247.41 | NOTE | |||
r-devel-linux-x86_64-fedora-gcc | 1.5.13 | 249.24 | NOTE | |||
r-devel-windows-x86_64 | 1.5.13 | 26.00 | 201.00 | 227.00 | OK | |
r-patched-linux-x86_64 | 1.5.13 | 10.94 | 168.44 | 179.38 | OK | |
r-release-linux-x86_64 | 1.5.13 | 8.70 | 166.61 | 175.31 | OK | |
r-release-macos-arm64 | 1.5.13 | 62.00 | NOTE | |||
r-release-macos-x86_64 | 1.5.13 | 101.00 | NOTE | |||
r-release-windows-x86_64 | 1.5.13 | 25.00 | 211.00 | 236.00 | OK | |
r-oldrel-macos-arm64 | 1.5.13 | 91.00 | NOTE | |||
r-oldrel-macos-x86_64 | 1.5.13 | 112.00 | NOTE | |||
r-oldrel-windows-ix86+x86_64 | 1.5.13 | 36.00 | 207.00 | 243.00 | OK |
Version: 1.5.13
Check: dependencies in R code
Result: NOTE
Namespace in Imports field not imported from: ‘e1071’
All declared Imports should be used.
Flavors: r-devel-linux-x86_64-fedora-clang, r-devel-linux-x86_64-fedora-gcc, r-release-macos-arm64, r-release-macos-x86_64, r-oldrel-macos-arm64, r-oldrel-macos-x86_64
Version: 1.5.13
Check: package dependencies
Result: NOTE
Package suggested but not available for checking: ‘RWeka’
Flavor: r-release-macos-x86_64