CRAN Package Check Results for Package listviewer

Last updated on 2022-07-06 07:49:01 CEST.

Flavor Version Tinstall Tcheck Ttotal Status Flags
r-devel-linux-x86_64-debian-clang 3.0.0 2.80 29.59 32.39 NOTE
r-devel-linux-x86_64-debian-gcc 3.0.0 2.28 23.31 25.59 NOTE
r-devel-linux-x86_64-fedora-clang 3.0.0 50.21 NOTE
r-devel-linux-x86_64-fedora-gcc 3.0.0 48.27 NOTE
r-devel-windows-x86_64 3.0.0 6.00 65.00 71.00 NOTE
r-patched-linux-x86_64 3.0.0 2.49 28.66 31.15 NOTE
r-release-linux-x86_64 3.0.0 2.24 29.44 31.68 NOTE
r-release-macos-arm64 3.0.0 14.00 NOTE
r-release-macos-x86_64 3.0.0 31.00 NOTE
r-release-windows-x86_64 3.0.0 24.00 63.00 87.00 NOTE
r-oldrel-macos-arm64 3.0.0 22.00 NOTE
r-oldrel-macos-x86_64 3.0.0 28.00 NOTE
r-oldrel-windows-ix86+x86_64 3.0.0 8.00 55.00 63.00 NOTE

Check Details

Version: 3.0.0
Check: LazyData
Result: NOTE
     'LazyData' is specified without a 'data' directory
Flavors: r-devel-linux-x86_64-debian-clang, r-devel-linux-x86_64-debian-gcc, r-devel-linux-x86_64-fedora-clang, r-devel-linux-x86_64-fedora-gcc, r-devel-windows-x86_64, r-patched-linux-x86_64, r-release-linux-x86_64, r-release-macos-arm64, r-release-macos-x86_64, r-release-windows-x86_64, r-oldrel-macos-arm64, r-oldrel-macos-x86_64, r-oldrel-windows-ix86+x86_64