CRAN Package Check Results for Package lisa

Last updated on 2022-01-29 06:49:38 CET.

Flavor Version Tinstall Tcheck Ttotal Status Flags
r-devel-linux-x86_64-debian-clang 0.1.2 3.73 49.53 53.26 OK
r-devel-linux-x86_64-debian-gcc 0.1.2 3.01 37.95 40.96 OK
r-devel-linux-x86_64-fedora-clang 0.1.2 57.45 NOTE
r-devel-linux-x86_64-fedora-gcc 0.1.2 46.96 NOTE
r-devel-windows-x86_64-new-UL 0.1.2 25.00 76.00 101.00 OK
r-devel-windows-x86_64-new-TK 0.1.2 NOTE
r-patched-linux-x86_64 0.1.2 1.93 41.33 43.26 OK
r-release-linux-x86_64 0.1.2 3.46 41.56 45.02 OK
r-release-macos-arm64 0.1.2 NOTE
r-release-macos-x86_64 0.1.2 NOTE
r-release-windows-ix86+x86_64 0.1.2 8.00 52.00 60.00 OK
r-oldrel-macos-x86_64 0.1.2 NOTE
r-oldrel-windows-ix86+x86_64 0.1.2 8.00 52.00 60.00 OK

Check Details

Version: 0.1.2
Check: data for non-ASCII characters
Result: NOTE
     Note: found 32 marked UTF-8 strings
Flavors: r-devel-linux-x86_64-fedora-clang, r-devel-linux-x86_64-fedora-gcc, r-devel-windows-x86_64-new-TK, r-release-macos-arm64, r-release-macos-x86_64, r-oldrel-macos-x86_64