Last updated on 2022-08-13 07:55:24 CEST.
Flavor | Version | Tinstall | Tcheck | Ttotal | Status | Flags |
---|---|---|---|---|---|---|
r-devel-linux-x86_64-debian-clang | 0.2.9 | 6.24 | 90.42 | 96.66 | OK | |
r-devel-linux-x86_64-debian-gcc | 0.2.9 | 4.44 | 68.94 | 73.38 | OK | |
r-devel-linux-x86_64-fedora-clang | 0.2.9 | 122.07 | NOTE | |||
r-devel-linux-x86_64-fedora-gcc | 0.2.9 | 123.79 | NOTE | |||
r-devel-windows-x86_64 | 0.2.9 | 22.00 | 129.00 | 151.00 | OK | |
r-patched-linux-x86_64 | 0.2.9 | 6.53 | 85.93 | 92.46 | OK | |
r-release-linux-x86_64 | 0.2.9 | 5.52 | 86.48 | 92.00 | OK | |
r-release-macos-arm64 | 0.2.9 | 32.00 | NOTE | |||
r-release-macos-x86_64 | 0.2.9 | 67.00 | NOTE | |||
r-release-windows-x86_64 | 0.2.9 | 23.00 | 125.00 | 148.00 | OK | |
r-oldrel-macos-arm64 | 0.2.9 | 42.00 | NOTE | |||
r-oldrel-macos-x86_64 | 0.2.9 | 59.00 | NOTE | |||
r-oldrel-windows-ix86+x86_64 | 0.2.9 | 13.00 | 118.00 | 131.00 | OK |
Version: 0.2.9
Check: dependencies in R code
Result: NOTE
Namespace in Imports field not imported from: ‘ddpcr’
All declared Imports should be used.
Flavors: r-devel-linux-x86_64-fedora-clang, r-devel-linux-x86_64-fedora-gcc, r-release-macos-arm64, r-release-macos-x86_64, r-oldrel-macos-arm64, r-oldrel-macos-x86_64