Last updated on 2022-07-05 07:50:58 CEST.
Flavor | Version | Tinstall | Tcheck | Ttotal | Status | Flags |
---|---|---|---|---|---|---|
r-devel-linux-x86_64-debian-clang | 2.1.0 | 61.43 | 423.64 | 485.07 | OK | |
r-devel-linux-x86_64-debian-gcc | 2.1.0 | 49.06 | 311.55 | 360.61 | OK | |
r-devel-linux-x86_64-fedora-clang | 2.1.0 | 575.42 | WARN | |||
r-devel-linux-x86_64-fedora-gcc | 2.1.0 | 581.61 | WARN | |||
r-devel-windows-x86_64 | 2.1.0 | 56.00 | 409.00 | 465.00 | OK | |
r-patched-linux-x86_64 | 2.1.0 | 55.70 | 399.75 | 455.45 | OK | |
r-release-linux-x86_64 | 2.1.0 | 59.24 | 410.17 | 469.41 | OK | |
r-release-macos-arm64 | 2.1.0 | 141.00 | OK | |||
r-release-macos-x86_64 | 2.1.0 | 281.00 | OK | |||
r-release-windows-x86_64 | 2.1.0 | 72.00 | 399.00 | 471.00 | OK | |
r-oldrel-macos-arm64 | 2.1.0 | 99.00 | OK | |||
r-oldrel-macos-x86_64 | 2.1.0 | 175.00 | OK | |||
r-oldrel-windows-ix86+x86_64 | 2.1.0 | 119.00 | 416.00 | 535.00 | OK |
Version: 2.1.0
Check: package dependencies
Result: WARN
Imports includes 26 non-default packages.
Importing from so many packages makes the package vulnerable to any of
them becoming unavailable. Move as many as possible to Suggests and
use conditionally.
Requires (indirectly) orphaned package: ‘gtools’
Flavor: r-devel-linux-x86_64-fedora-clang
Version: 2.1.0
Check: package dependencies
Result: WARN
Requires (indirectly) orphaned package: ‘gtools’
Flavor: r-devel-linux-x86_64-fedora-gcc