CRAN Package Check Results for Package lightr

Last updated on 2022-01-23 07:14:04 CET.

Flavor Version Tinstall Tcheck Ttotal Status Flags
r-devel-linux-x86_64-debian-clang 1.6.2 3.00 84.79 87.79 OK
r-devel-linux-x86_64-debian-gcc 1.6.2 3.59 71.71 75.30 OK
r-devel-linux-x86_64-fedora-clang 1.6.2 110.17 NOTE
r-devel-linux-x86_64-fedora-gcc 1.6.2 97.57 OK
r-devel-windows-x86_64-new-UL 1.6.2 86.00 141.00 227.00 OK
r-devel-windows-x86_64-new-TK 1.6.2 OK
r-patched-linux-x86_64 1.6.2 4.31 87.19 91.50 OK
r-release-linux-x86_64 1.6.2 3.58 86.02 89.60 OK
r-release-macos-arm64 1.6.2 OK
r-release-macos-x86_64 1.6.2 OK
r-release-windows-ix86+x86_64 1.6.2 8.00 113.00 121.00 OK
r-oldrel-macos-x86_64 1.6.2 OK
r-oldrel-windows-ix86+x86_64 1.6.2 10.00 107.00 117.00 OK

Check Details

Version: 1.6.2
Check: Rd cross-references
Result: NOTE
    Undeclared package ‘future’ in Rd xrefs
Flavor: r-devel-linux-x86_64-fedora-clang