Last updated on 2022-05-21 07:55:27 CEST.
Flavor | Version | Tinstall | Tcheck | Ttotal | Status | Flags |
---|---|---|---|---|---|---|
r-devel-linux-x86_64-debian-clang | 1.6.2 | 5.28 | 62.80 | 68.08 | OK | |
r-devel-linux-x86_64-debian-gcc | 1.6.2 | 3.26 | 46.09 | 49.35 | OK | |
r-devel-linux-x86_64-fedora-clang | 1.6.2 | 79.59 | NOTE | |||
r-devel-linux-x86_64-fedora-gcc | 1.6.2 | 77.08 | NOTE | |||
r-devel-windows-x86_64 | 1.6.2 | 44.00 | 93.00 | 137.00 | OK | |
r-patched-linux-x86_64 | 1.6.2 | 3.97 | 58.17 | 62.14 | OK | |
r-release-linux-x86_64 | 1.6.2 | 4.85 | 58.09 | 62.94 | OK | |
r-release-macos-arm64 | 1.6.2 | 25.00 | NOTE | |||
r-release-macos-x86_64 | 1.6.2 | 35.00 | NOTE | |||
r-release-windows-x86_64 | 1.6.2 | 45.00 | 95.00 | 140.00 | OK | |
r-oldrel-macos-arm64 | 1.6.2 | 33.00 | NOTE | |||
r-oldrel-macos-x86_64 | 1.6.2 | 36.00 | NOTE | |||
r-oldrel-windows-ix86+x86_64 | 1.6.2 | 10.00 | 75.00 | 85.00 | OK |
Version: 1.6.2
Check: data for non-ASCII characters
Result: NOTE
Note: found 22 marked UTF-8 strings
Flavors: r-devel-linux-x86_64-fedora-clang, r-devel-linux-x86_64-fedora-gcc, r-release-macos-arm64, r-release-macos-x86_64, r-oldrel-macos-arm64, r-oldrel-macos-x86_64