CRAN Package Check Results for Package lgrExtra

Last updated on 2022-07-02 07:07:02 CEST.

Flavor Version Tinstall Tcheck Ttotal Status Flags
r-devel-linux-x86_64-debian-clang 0.0.6 14.89 52.22 67.11 OK
r-devel-linux-x86_64-debian-gcc 0.0.6 12.49 39.99 52.48 OK
r-devel-linux-x86_64-fedora-clang 0.0.6 92.23 NOTE
r-devel-linux-x86_64-fedora-gcc 0.0.6 93.09 OK
r-devel-windows-x86_64 0.0.6 62.00 88.00 150.00 NOTE
r-patched-linux-x86_64 0.0.6 17.75 49.55 67.30 OK
r-release-linux-x86_64 0.0.6 13.44 48.80 62.24 OK
r-release-macos-arm64 0.0.6 32.00 OK
r-release-macos-x86_64 0.0.6 40.00 OK
r-release-windows-x86_64 0.0.6 22.00 86.00 108.00 NOTE
r-oldrel-macos-arm64 0.0.6 29.00 OK
r-oldrel-macos-x86_64 0.0.6 37.00 OK
r-oldrel-windows-ix86+x86_64 0.0.6 26.00 84.00 110.00 NOTE

Check Details

Version: 0.0.6
Check: Rd cross-references
Result: NOTE
    Undeclared package ‘R6’ in Rd xrefs
Flavor: r-devel-linux-x86_64-fedora-clang

Version: 0.0.6
Check: package dependencies
Result: NOTE
    Package suggested but not available for checking: 'rsyslog'
Flavors: r-devel-windows-x86_64, r-release-windows-x86_64, r-oldrel-windows-ix86+x86_64

Version: 0.0.6
Check: Rd cross-references
Result: NOTE
    Package unavailable to check Rd xrefs: 'rsyslog'
Flavor: r-oldrel-windows-ix86+x86_64