Last updated on 2022-05-22 07:53:16 CEST.
Flavor | Version | Tinstall | Tcheck | Ttotal | Status | Flags |
---|---|---|---|---|---|---|
r-devel-linux-x86_64-debian-clang | 0.4.5 | 14.39 | 234.59 | 248.98 | NOTE | |
r-devel-linux-x86_64-debian-gcc | 0.4.5 | 11.00 | 167.76 | 178.76 | NOTE | |
r-devel-linux-x86_64-fedora-clang | 0.4.5 | 290.61 | NOTE | |||
r-devel-linux-x86_64-fedora-gcc | 0.4.5 | 269.69 | NOTE | |||
r-devel-windows-x86_64 | 0.4.5 | 38.00 | 338.00 | 376.00 | NOTE | |
r-patched-linux-x86_64 | 0.4.5 | 15.97 | 215.68 | 231.65 | NOTE | |
r-release-linux-x86_64 | 0.4.5 | 14.18 | 211.37 | 225.55 | NOTE | |
r-release-macos-arm64 | 0.4.5 | 157.00 | NOTE | |||
r-release-macos-x86_64 | 0.4.5 | 235.00 | NOTE | |||
r-release-windows-x86_64 | 0.4.5 | 40.00 | 357.00 | 397.00 | NOTE | |
r-oldrel-macos-arm64 | 0.4.5 | 156.00 | NOTE | |||
r-oldrel-macos-x86_64 | 0.4.5 | 161.00 | NOTE | |||
r-oldrel-windows-ix86+x86_64 | 0.4.5 | 26.00 | 224.00 | 250.00 | NOTE |
Version: 0.4.5
Check: LazyData
Result: NOTE
'LazyData' is specified without a 'data' directory
Flavors: r-devel-linux-x86_64-debian-clang, r-devel-linux-x86_64-debian-gcc, r-devel-linux-x86_64-fedora-clang, r-devel-linux-x86_64-fedora-gcc, r-devel-windows-x86_64, r-patched-linux-x86_64, r-release-linux-x86_64, r-release-macos-arm64, r-release-macos-x86_64, r-release-windows-x86_64, r-oldrel-macos-arm64, r-oldrel-macos-x86_64, r-oldrel-windows-ix86+x86_64