Last updated on 2022-05-19 07:50:12 CEST.
Flavor | Version | Tinstall | Tcheck | Ttotal | Status | Flags |
---|---|---|---|---|---|---|
r-devel-linux-x86_64-debian-clang | 1.0 | 5.92 | 62.95 | 68.87 | NOTE | |
r-devel-linux-x86_64-debian-gcc | 1.0 | 3.81 | 46.85 | 50.66 | NOTE | |
r-devel-linux-x86_64-fedora-clang | 1.0 | 81.14 | NOTE | |||
r-devel-linux-x86_64-fedora-gcc | 1.0 | 78.10 | NOTE | |||
r-devel-windows-x86_64 | 1.0 | 18.00 | 94.00 | 112.00 | NOTE | |
r-patched-linux-x86_64 | 1.0 | 6.29 | 58.66 | 64.95 | NOTE | |
r-release-linux-x86_64 | 1.0 | 4.26 | 59.40 | 63.66 | NOTE | |
r-release-macos-arm64 | 1.0 | 24.00 | NOTE | |||
r-release-macos-x86_64 | 1.0 | 45.00 | NOTE | |||
r-release-windows-x86_64 | 1.0 | 17.00 | 79.00 | 96.00 | NOTE | |
r-oldrel-macos-arm64 | 1.0 | 32.00 | NOTE | |||
r-oldrel-macos-x86_64 | 1.0 | 43.00 | NOTE | |||
r-oldrel-windows-ix86+x86_64 | 1.0 | 16.00 | 72.00 | 88.00 | NOTE |
Version: 1.0
Check: LazyData
Result: NOTE
'LazyData' is specified without a 'data' directory
Flavors: r-devel-linux-x86_64-debian-clang, r-devel-linux-x86_64-debian-gcc, r-devel-linux-x86_64-fedora-clang, r-devel-linux-x86_64-fedora-gcc, r-devel-windows-x86_64, r-patched-linux-x86_64, r-release-linux-x86_64, r-release-macos-arm64, r-release-macos-x86_64, r-release-windows-x86_64, r-oldrel-macos-arm64, r-oldrel-macos-x86_64, r-oldrel-windows-ix86+x86_64