CRAN Package Check Results for Package leaps

Last updated on 2022-07-06 07:49:01 CEST.

Flavor Version Tinstall Tcheck Ttotal Status Flags
r-devel-linux-x86_64-debian-clang 3.1 4.52 25.86 30.38 NOTE
r-devel-linux-x86_64-debian-gcc 3.1 2.80 20.29 23.09 NOTE
r-devel-linux-x86_64-fedora-clang 3.1 47.72 NOTE
r-devel-linux-x86_64-fedora-gcc 3.1 46.52 NOTE
r-devel-windows-x86_64 3.1 11.00 51.00 62.00 NOTE
r-patched-linux-x86_64 3.1 4.04 25.50 29.54 OK
r-release-linux-x86_64 3.1 4.18 25.72 29.90 OK
r-release-macos-arm64 3.1 18.00 OK
r-release-macos-x86_64 3.1 25.00 OK
r-release-windows-x86_64 3.1 14.00 61.00 75.00 OK
r-oldrel-macos-arm64 3.1 22.00 OK
r-oldrel-macos-x86_64 3.1 32.00 OK
r-oldrel-windows-ix86+x86_64 3.1 12.00 56.00 68.00 OK

Check Details

Version: 3.1
Check: Rd files
Result: NOTE
    checkRd: (-1) leaps.Rd:38: Escaped LaTeX specials: \&
Flavors: r-devel-linux-x86_64-debian-clang, r-devel-linux-x86_64-debian-gcc, r-devel-linux-x86_64-fedora-clang, r-devel-linux-x86_64-fedora-gcc, r-devel-windows-x86_64

Version: 3.1
Check: compiled code
Result: NOTE
    File ‘leaps/libs/leaps.so’:
     Found no calls to: ‘R_registerRoutines’, ‘R_useDynamicSymbols’
    
    It is good practice to register native routines and to disable symbol
    search.
    
    See ‘Writing portable packages’ in the ‘Writing R Extensions’ manual.
Flavors: r-devel-linux-x86_64-fedora-clang, r-devel-linux-x86_64-fedora-gcc