CRAN Package Check Results for Package leaflet.providers

Last updated on 2022-07-03 07:51:57 CEST.

Flavor Version Tinstall Tcheck Ttotal Status Flags
r-devel-linux-x86_64-debian-clang 1.9.0 1.65 22.59 24.24 NOTE
r-devel-linux-x86_64-debian-gcc 1.9.0 1.53 17.84 19.37 NOTE
r-devel-linux-x86_64-fedora-clang 1.9.0 41.37 NOTE
r-devel-linux-x86_64-fedora-gcc 1.9.0 39.85 NOTE
r-devel-windows-x86_64 1.9.0 49.00 46.00 95.00 NOTE
r-patched-linux-x86_64 1.9.0 2.08 22.30 24.38 NOTE
r-release-linux-x86_64 1.9.0 1.83 22.27 24.10 NOTE
r-release-macos-arm64 1.9.0 17.00 NOTE
r-release-macos-x86_64 1.9.0 21.00 NOTE
r-release-windows-x86_64 1.9.0 116.00 49.00 165.00 NOTE
r-oldrel-macos-arm64 1.9.0 20.00 NOTE
r-oldrel-macos-x86_64 1.9.0 26.00 NOTE
r-oldrel-windows-ix86+x86_64 1.9.0 4.00 40.00 44.00 NOTE

Check Details

Version: 1.9.0
Check: LazyData
Result: NOTE
     'LazyData' is specified without a 'data' directory
Flavors: r-devel-linux-x86_64-debian-clang, r-devel-linux-x86_64-debian-gcc, r-devel-linux-x86_64-fedora-clang, r-devel-linux-x86_64-fedora-gcc, r-devel-windows-x86_64, r-patched-linux-x86_64, r-release-linux-x86_64, r-release-macos-arm64, r-release-macos-x86_64, r-release-windows-x86_64, r-oldrel-macos-arm64, r-oldrel-macos-x86_64, r-oldrel-windows-ix86+x86_64