CRAN Package Check Results for Package leaflet.multiopacity

Last updated on 2022-05-18 06:50:45 CEST.

Flavor Version Tinstall Tcheck Ttotal Status Flags
r-devel-linux-x86_64-debian-clang 0.1.1 2.45 59.86 62.31 NOTE
r-devel-linux-x86_64-debian-gcc 0.1.1 1.82 45.26 47.08 NOTE
r-devel-linux-x86_64-fedora-clang 0.1.1 72.62 NOTE
r-devel-linux-x86_64-fedora-gcc 0.1.1 69.36 NOTE
r-devel-windows-x86_64 0.1.1 46.00 86.00 132.00 NOTE
r-patched-linux-x86_64 0.1.1 1.83 56.84 58.67 NOTE
r-release-linux-x86_64 0.1.1 2.12 57.11 59.23 NOTE
r-release-macos-arm64 0.1.1 24.00 NOTE
r-release-macos-x86_64 0.1.1 34.00 NOTE
r-release-windows-x86_64 0.1.1 79.00 83.00 162.00 NOTE
r-oldrel-macos-arm64 0.1.1 87.00 NOTE
r-oldrel-macos-x86_64 0.1.1 35.00 NOTE
r-oldrel-windows-ix86+x86_64 0.1.1 6.00 74.00 80.00 NOTE

Check Details

Version: 0.1.1
Check: LazyData
Result: NOTE
     'LazyData' is specified without a 'data' directory
Flavors: r-devel-linux-x86_64-debian-clang, r-devel-linux-x86_64-debian-gcc, r-devel-linux-x86_64-fedora-clang, r-devel-linux-x86_64-fedora-gcc, r-devel-windows-x86_64, r-patched-linux-x86_64, r-release-linux-x86_64, r-release-macos-arm64, r-release-macos-x86_64, r-release-windows-x86_64, r-oldrel-macos-arm64, r-oldrel-macos-x86_64, r-oldrel-windows-ix86+x86_64