CRAN Package Check Results for Package leaflet.extras

Last updated on 2022-07-06 07:49:01 CEST.

Flavor Version Tinstall Tcheck Ttotal Status Flags
r-devel-linux-x86_64-debian-clang 1.0.0 5.58 40.60 46.18 NOTE
r-devel-linux-x86_64-debian-gcc 1.0.0 4.06 30.87 34.93 NOTE
r-devel-linux-x86_64-fedora-clang 1.0.0 64.06 NOTE
r-devel-linux-x86_64-fedora-gcc 1.0.0 62.98 NOTE
r-devel-windows-x86_64 1.0.0 326.00 85.00 411.00 NOTE
r-patched-linux-x86_64 1.0.0 8.02 39.22 47.24 NOTE
r-release-linux-x86_64 1.0.0 4.86 38.71 43.57 NOTE
r-release-macos-arm64 1.0.0 22.00 NOTE
r-release-macos-x86_64 1.0.0 46.00 NOTE
r-release-windows-x86_64 1.0.0 400.00 77.00 477.00 NOTE
r-oldrel-macos-arm64 1.0.0 25.00 NOTE
r-oldrel-macos-x86_64 1.0.0 34.00 NOTE
r-oldrel-windows-ix86+x86_64 1.0.0 16.00 59.00 75.00 NOTE

Check Details

Version: 1.0.0
Check: LazyData
Result: NOTE
     'LazyData' is specified without a 'data' directory
Flavors: r-devel-linux-x86_64-debian-clang, r-devel-linux-x86_64-debian-gcc, r-devel-linux-x86_64-fedora-clang, r-devel-linux-x86_64-fedora-gcc, r-devel-windows-x86_64, r-patched-linux-x86_64, r-release-linux-x86_64, r-release-macos-arm64, r-release-macos-x86_64, r-release-windows-x86_64, r-oldrel-macos-arm64, r-oldrel-macos-x86_64, r-oldrel-windows-ix86+x86_64