CRAN Package Check Results for Package ldhmm

Last updated on 2022-07-07 07:51:25 CEST.

Flavor Version Tinstall Tcheck Ttotal Status Flags
r-devel-linux-x86_64-debian-clang 0.5.1 13.48 106.02 119.50 NOTE
r-devel-linux-x86_64-debian-gcc 0.5.1 9.93 78.48 88.41 NOTE
r-devel-linux-x86_64-fedora-clang 0.5.1 149.83 NOTE
r-devel-linux-x86_64-fedora-gcc 0.5.1 147.11 NOTE
r-devel-windows-x86_64 0.5.1 27.00 123.00 150.00 NOTE
r-patched-linux-x86_64 0.5.1 9.47 98.61 108.08 NOTE
r-release-linux-x86_64 0.5.1 10.91 99.48 110.39 NOTE
r-release-macos-arm64 0.5.1 37.00 NOTE
r-release-macos-x86_64 0.5.1 73.00 NOTE
r-release-windows-x86_64 0.5.1 30.00 131.00 161.00 NOTE
r-oldrel-macos-arm64 0.5.1 46.00 NOTE
r-oldrel-macos-x86_64 0.5.1 66.00 NOTE
r-oldrel-windows-ix86+x86_64 0.5.1 27.00 123.00 150.00 NOTE

Check Details

Version: 0.5.1
Check: LazyData
Result: NOTE
     'LazyData' is specified without a 'data' directory
Flavors: r-devel-linux-x86_64-debian-clang, r-devel-linux-x86_64-debian-gcc, r-devel-linux-x86_64-fedora-clang, r-devel-linux-x86_64-fedora-gcc, r-devel-windows-x86_64, r-patched-linux-x86_64, r-release-linux-x86_64, r-release-macos-arm64, r-release-macos-x86_64, r-release-windows-x86_64, r-oldrel-macos-arm64, r-oldrel-macos-x86_64, r-oldrel-windows-ix86+x86_64