CRAN Package Check Results for Package ldbod

Last updated on 2022-08-12 06:49:23 CEST.

Flavor Version Tinstall Tcheck Ttotal Status Flags
r-devel-linux-x86_64-debian-clang 0.1.2 2.79 31.89 34.68 NOTE
r-devel-linux-x86_64-debian-gcc 0.1.2 2.30 23.78 26.08 NOTE
r-devel-linux-x86_64-fedora-clang 0.1.2 52.41 NOTE
r-devel-linux-x86_64-fedora-gcc 0.1.2 50.87 NOTE
r-devel-windows-x86_64 0.1.2 8.00 52.00 60.00 NOTE
r-patched-linux-x86_64 0.1.2 2.92 29.89 32.81 NOTE
r-release-linux-x86_64 0.1.2 3.04 29.96 33.00 NOTE
r-release-macos-arm64 0.1.2 17.00 NOTE
r-release-macos-x86_64 0.1.2 23.00 NOTE
r-release-windows-x86_64 0.1.2 4.00 54.00 58.00 NOTE
r-oldrel-macos-arm64 0.1.2 23.00 NOTE
r-oldrel-macos-x86_64 0.1.2 29.00 NOTE
r-oldrel-windows-ix86+x86_64 0.1.2 6.00 47.00 53.00 NOTE

Check Details

Version: 0.1.2
Check: LazyData
Result: NOTE
     'LazyData' is specified without a 'data' directory
Flavors: r-devel-linux-x86_64-debian-clang, r-devel-linux-x86_64-debian-gcc, r-devel-linux-x86_64-fedora-clang, r-devel-linux-x86_64-fedora-gcc, r-devel-windows-x86_64, r-patched-linux-x86_64, r-release-linux-x86_64, r-release-macos-arm64, r-release-macos-x86_64, r-release-windows-x86_64, r-oldrel-macos-arm64, r-oldrel-macos-x86_64, r-oldrel-windows-ix86+x86_64