CRAN Package Check Results for Package lcyanalysis

Last updated on 2022-07-04 07:48:58 CEST.

Flavor Version Tinstall Tcheck Ttotal Status Flags
r-devel-linux-x86_64-debian-clang 1.0.4 6.67 46.93 53.60 NOTE
r-devel-linux-x86_64-debian-gcc 1.0.4 5.83 36.10 41.93 NOTE
r-devel-linux-x86_64-fedora-clang 1.0.4 75.42 NOTE
r-devel-linux-x86_64-fedora-gcc 1.0.4 74.08 NOTE
r-devel-windows-x86_64 1.0.4 21.00 66.00 87.00 NOTE
r-patched-linux-x86_64 1.0.4 6.91 45.52 52.43 NOTE
r-release-linux-x86_64 1.0.4 5.31 45.63 50.94 NOTE
r-release-macos-arm64 1.0.4 23.00 NOTE
r-release-macos-x86_64 1.0.4 32.00 NOTE
r-release-windows-x86_64 1.0.4 23.00 69.00 92.00 NOTE
r-oldrel-macos-arm64 1.0.4 26.00 NOTE
r-oldrel-macos-x86_64 1.0.4 41.00 NOTE
r-oldrel-windows-ix86+x86_64 1.0.4 13.00 62.00 75.00 NOTE

Check Details

Version: 1.0.4
Check: LazyData
Result: NOTE
     'LazyData' is specified without a 'data' directory
Flavors: r-devel-linux-x86_64-debian-clang, r-devel-linux-x86_64-debian-gcc, r-devel-linux-x86_64-fedora-clang, r-devel-linux-x86_64-fedora-gcc, r-devel-windows-x86_64, r-patched-linux-x86_64, r-release-linux-x86_64, r-release-macos-arm64, r-release-macos-x86_64, r-release-windows-x86_64, r-oldrel-macos-arm64, r-oldrel-macos-x86_64, r-oldrel-windows-ix86+x86_64