CRAN Package Check Results for Package lba

Last updated on 2022-08-19 06:52:26 CEST.

Flavor Version Tinstall Tcheck Ttotal Status Flags
r-devel-linux-x86_64-debian-clang 2.4.5 15.55 83.62 99.17 NOTE
r-devel-linux-x86_64-debian-gcc 2.4.5 9.87 62.70 72.57 NOTE
r-devel-linux-x86_64-fedora-clang 2.4.5 125.31 NOTE
r-devel-linux-x86_64-fedora-gcc 2.4.5 124.16 NOTE
r-devel-windows-x86_64 2.4.5 26.00 103.00 129.00 NOTE
r-patched-linux-x86_64 2.4.5 13.80 79.63 93.43 OK
r-release-linux-x86_64 2.4.5 OK
r-release-macos-arm64 2.4.5 33.00 OK
r-release-macos-x86_64 2.4.5 46.00 OK
r-release-windows-x86_64 2.4.5 34.00 102.00 136.00 OK
r-oldrel-macos-arm64 2.4.5 31.00 OK
r-oldrel-macos-x86_64 2.4.5 45.00 OK
r-oldrel-windows-ix86+x86_64 2.4.5 23.00 98.00 121.00 OK

Check Details

Version: 2.4.5
Check: Rd files
Result: NOTE
    checkRd: (-1) goodnessfit.Rd:105: Escaped LaTeX specials: \&
    checkRd: (-1) lba.Rd:252: Escaped LaTeX specials: \&
    checkRd: (-1) pregnancy.Rd:42: Escaped LaTeX specials: \&
    checkRd: (-1) pregnancy.Rd:46: Escaped LaTeX specials: \&
Flavors: r-devel-linux-x86_64-debian-clang, r-devel-linux-x86_64-debian-gcc, r-devel-linux-x86_64-fedora-clang, r-devel-linux-x86_64-fedora-gcc, r-devel-windows-x86_64