Last updated on 2022-05-23 06:49:50 CEST.
Flavor | Version | Tinstall | Tcheck | Ttotal | Status | Flags |
---|---|---|---|---|---|---|
r-devel-linux-x86_64-debian-clang | 5.1.2 | 30.22 | 281.22 | 311.44 | OK | |
r-devel-linux-x86_64-debian-gcc | 5.1.2 | 23.27 | 206.62 | 229.89 | OK | |
r-devel-linux-x86_64-fedora-clang | 5.1.2 | 381.82 | OK | |||
r-devel-linux-x86_64-fedora-gcc | 5.1.2 | 350.25 | OK | |||
r-devel-windows-x86_64 | 5.1.2 | 102.00 | 363.00 | 465.00 | OK | |
r-patched-linux-x86_64 | 5.1.2 | 32.35 | 264.82 | 297.17 | OK | |
r-release-linux-x86_64 | 5.1.2 | OK | ||||
r-release-macos-arm64 | 5.0.3 | 306.00 | WARN | |||
r-release-macos-x86_64 | 5.1.2 | 273.00 | OK | |||
r-release-windows-x86_64 | 5.1.2 | 91.00 | 377.00 | 468.00 | OK | |
r-oldrel-macos-arm64 | 5.0.3 | 195.00 | WARN | |||
r-oldrel-macos-x86_64 | 5.1.2 | 202.00 | OK | |||
r-oldrel-windows-ix86+x86_64 | 5.1.2 | 52.00 | 383.00 | 435.00 | OK |
Version: 5.0.3
Check: re-building of vignette outputs
Result: WARN
Error(s) in re-building vignettes:
...
--- re-building ‘h2o_automl.Rmd’ using rmarkdown
openjdk version "11.0.12" 2021-07-20 LTS
OpenJDK Runtime Environment Zulu11.50+19-CA (build 11.0.12+7-LTS)
OpenJDK 64-Bit Server VM Zulu11.50+19-CA (build 11.0.12+7-LTS, mixed mode)
Quitting from lines 100-101 (h2o_automl.Rmd)
Error: processing vignette 'h2o_automl.Rmd' failed with diagnostics:
NO MODELS TRAINED. Please set max_models to at least 1 and increase max_time
--- failed re-building ‘h2o_automl.Rmd’
SUMMARY: processing the following file failed:
‘h2o_automl.Rmd’
Error: Vignette re-building failed.
Execution halted
Flavors: r-release-macos-arm64, r-oldrel-macos-arm64