CRAN Package Check Results for Package lans2r

Last updated on 2022-05-23 06:49:50 CEST.

Flavor Version Tinstall Tcheck Ttotal Status Flags
r-devel-linux-x86_64-debian-clang 1.1.0 8.09 133.08 141.17 NOTE
r-devel-linux-x86_64-debian-gcc 1.1.0 6.54 96.38 102.92 NOTE
r-devel-linux-x86_64-fedora-clang 1.1.0 161.70 NOTE
r-devel-linux-x86_64-fedora-gcc 1.1.0 156.74 NOTE
r-devel-windows-x86_64 1.1.0 47.00 158.00 205.00 NOTE
r-patched-linux-x86_64 1.1.0 8.76 120.77 129.53 NOTE
r-release-linux-x86_64 1.1.0 NOTE
r-release-macos-arm64 1.1.0 57.00 NOTE
r-release-macos-x86_64 1.1.0 117.00 NOTE
r-release-windows-x86_64 1.1.0 48.00 158.00 206.00 NOTE
r-oldrel-macos-arm64 1.1.0 72.00 NOTE
r-oldrel-macos-x86_64 1.1.0 92.00 NOTE
r-oldrel-windows-ix86+x86_64 1.1.0 21.00 149.00 170.00 NOTE

Check Details

Version: 1.1.0
Check: LazyData
Result: NOTE
     'LazyData' is specified without a 'data' directory
Flavors: r-devel-linux-x86_64-debian-clang, r-devel-linux-x86_64-debian-gcc, r-devel-linux-x86_64-fedora-clang, r-devel-linux-x86_64-fedora-gcc, r-devel-windows-x86_64, r-patched-linux-x86_64, r-release-linux-x86_64, r-release-macos-arm64, r-release-macos-x86_64, r-release-windows-x86_64, r-oldrel-macos-arm64, r-oldrel-macos-x86_64, r-oldrel-windows-ix86+x86_64

Version: 1.1.0
Check: installed package size
Result: NOTE
     installed size is 5.0Mb
     sub-directories of 1Mb or more:
     doc 2.3Mb
     extdata 2.3Mb
Flavor: r-devel-linux-x86_64-fedora-clang